2 - (-7 - -4)). Suppose -2*v - 66 = 4*z - 8, -3*v + j = -5*z. What is the remainder when 44 is divided by (1 - -4)/(z/(-39))?
14
Suppose 5*b - 3*b + 10 = 0. Let x = 27 + b. Let r(p) = p**2 + p + 87. What is the remainder when r(0) is divided by x?
21
Suppose 2*v = -2, 45*r = 43*r + 2*v + 120. Let j(u) = -13*u + 4. What is the remainder when r is divided by j(-2)?
29
Let t = -737 - -748. What is the remainder when 427 is divided by t?
9
Suppose 412 = -14*p + 1616. What is the remainder when p is divided by 44?
42
Let x(b) = -26*b + 220. What is the remainder when 75 is divided by x(7)?
37
Suppose 4*p - 2096 = -5*r, -2*p - 2*r + 1048 = -r. What is the remainder when p is divided by 15?
14
Suppose -8*h - 5 = -7*h, o - 4*h = 51. Let p(v) = 6 - 16 - 2*v + 15*v - v**2 - 2*v. What is the remainder when o is divided by p(9)?
7
Suppose 0 = -4*k - k + 115. Let d(z) = -z**2 - 19*z + 258. Calculate the remainder when k is divided by d(9).
5
Let u(f) = f**2 - 6*f + 29. Let r = 35 + -25. Calculate the remainder when u(10) is divided by r.
9
Suppose -2*i - 3*i - 135 = 0. Let c = 41 + i. What is the remainder when 40 is divided by c?
12
Suppose 13*b + 72 = 7*b. Let p(u) = -u**2 - 9*u + 47. What is the remainder when 21 is divided by p(b)?
10
Let t = -502 + 508. Calculate the remainder when 142 is divided by t.
4
Suppose 0 = -29*l - 249 + 771. What is the remainder when 120 is divided by l?
12
Suppose -5*t - 2*k = 45 + 52, -3*t + 5*k - 83 = 0. Let z = 42 + t. What is the remainder when 41 is divided by z?
20
Suppose 4*m - 14 = 2*m - 2*u, -4*m - 2*u = -28. Let d(j) = -j**3 + 6*j**2 + 7*j + 4. Let o(x) = -2*x - 4. Calculate the remainder when d(m) is divided by o(-3).
0
Let v = -13 - -21. Let l(s) = -s**3 + 9*s**2 + 24*s - 18. What is the remainder when v is divided by l(11)?
0
Let p be (-5 + 3)*1 + 5. Let g be p/(-7) - 250/70. Calculate the remainder when (-114)/g*(-4)/(-3) is divided by 10.
8
Let l(v) = v**2 + 3*v - 40. Let q be l(-8). Suppose -h + 3*x + 5 = 0, -6 = -2*x - 4. Suppose j = -q*j + h. Calculate the remainder when 29 is divided by j.
5
Suppose -5*d + 20 = 5*u, -7 = -3*d + 3*u - u. Let w be 8/d*474/8. Suppose r - w = -0*o - 5*o, -3*o - r = -94. What is the remainder when o is divided by 9?
5
Let r be ((-2)/2)/(2/120). Let j be ((-4)/10)/((-4)/r). Let z = 20 + j. Calculate the remainder when 39 is divided by z.
11
Let x(k) = -3*k**3 - 8*k**2 - 9*k - 13. Calculate the remainder when x(-5) is divided by 22.
9
Suppose -4*a + 1016 = o, 23*o - 26*o + 12 = 0. What is the remainder when a is divided by 16?
13
Let j be -14*((45/(-6))/5 - -1). What is the remainder when 34 is divided by j - ((-12)/(-3) + -6)?
7
Let h = -292 + 351. Calculate the remainder when h is divided by 18.
5
Let c = 7 - 2. Suppose 0 = c*p + 41 - 156. Calculate the remainder when p is divided by 8.
7
Suppose 3*a - 7 = -z, 3*a + 4 = -2*z + 9. Let u be ((-3)/6)/(z/48). Suppose 4*c - u = -0*c. What is the remainder when 11 is divided by c?
2
Let j = 25 - 18. Let g be (9 - 3)*3/(-9). Calculate the remainder when g/j - (-191)/7 is divided by 7.
6
Let y be (0 - (0 - 24)) + 0. Suppose 0 = g - y + 15. What is the remainder when 24 is divided by g?
6
Let b = 49 - 34. Calculate the remainder when (-440)/(-6) + 2/(-6) is divided by b.
13
Let b = 41 + -29. Let x(v) = -17*v + 1381. Calculate the remainder when x(80) is divided by b.
9
Calculate the remainder when 23 is divided by (-632)/88 + 7 - 268/(-22).
11
Calculate the remainder when (29/(-2))/((-60)/120) is divided by 4.
1
Let b(j) = j + 8. Suppose 0 = -3*l - 44 + 5. Let z be b(l). Let v = z + 8. Calculate the remainder when 4 is divided by v.
1
Let c(h) = 16*h + 224. Let j = 44 - 19. What is the remainder when c(-11) is divided by j?
23
Let u(i) be the second derivative of -5*i**3 - i**2/2 - 6*i. What is the remainder when u(-2) is divided by 20?
19
Let m(t) = 42*t**2 - 2*t - 1. Let q be m(-1). Let p = q - 29. Suppose 3*g = p + 13. Calculate the remainder when 35 is divided by g.
8
Suppose 0 = 4*o - 3*d + 9, -o + d - 3 = -2*o. Suppose 5*l - 130 = -o*l - s, 115 = 4*l + 3*s. Calculate the remainder when l is divided by (-1 - -1 - 13)*-1.
12
Suppose 105*f - 644 = 91*f. Calculate the remainder when 273 is divided by f.
43
Let c(g) = 64*g - 1002. What is the remainder when 1183 is divided by c(16)?
17
Suppose -7*l = y - 2*l + 56, -2*l + 112 = -2*y. Let x = y - -73. Calculate the remainder when 32 is divided by x.
15
Let p(n) = 24*n - 63. Calculate the remainder when p(7) is divided by 11.
6
Let n = -29 + 73. Let a(f) = 7*f**2 + 188*f - 15. Calculate the remainder when n is divided by a(-27).
8
Let r(y) = -y**3 - 16*y**2 + y + 26. Let x(h) = h**3 - 8*h**2 + 13*h - 6. Let f be x(5). Calculate the remainder when 35 is divided by r(f).
5
Let j be (5 - 6)/(0 + (-3)/(-33)). Let n(q) = -7*q - 56. Calculate the remainder when 61 is divided by n(j).
19
Suppose 0 = -6*p + 257 + 1. What is the remainder when 386 is divided by p?
42
Let r(y) = 2*y**3 + 12*y**2 + y + 1. Suppose 2*u - 34 = u - 4*t, 9 = 3*t. What is the remainder when r(-4) is divided by u?
17
Let p(k) = -k - 5. Let g(l) = l + 4. Let f(w) = 5*g(w) + 4*p(w). Let j = 17 + -4. Calculate the remainder when f(j) is divided by 7.
6
Let n be (3 - -1)/(4/20). Let d = n - 9. What is the remainder when d is divided by 7?
4
Suppose 3*g + 2*g + 5*l - 5 = 0, 4*l + 12 = 0. Let q = 27 + 31. Let w = q - 56. What is the remainder when g is divided by w?
0
Suppose 14 = -p + 3*p + 3*t, p + 3*t - 1 = 0. Let i(r) = r**3 - 14*r**2 + 16*r - 13. What is the remainder when i(p) is divided by 10?
6
Suppose -4*m + 60 = 4*y, -30 = -5*y - 4*m + 48. Suppose 72 = -y*x + 21*x. Calculate the remainder when 117 is divided by x.
21
What is the remainder when 327/9*(8 - 5) is divided by 7?
4
Suppose 5*g = 186 - 41. Let i = -1646 - -1654. What is the remainder when g is divided by i?
5
Let a(s) be the second derivative of s**4/12 + 5*s**3/6 + 5*s**2/2 - 21*s. Calculate the remainder when a(-8) is divided by 10.
9
Let i(y) = -21*y**3 + 3*y**2 - 2*y - 6. Suppose 0*h + 10*h = -20. Calculate the remainder when i(h) is divided by 36.
34
Let l be (-40)/15*(-18)/8. Let o(g) = 2*g**2 - 9*g - 12. Calculate the remainder when 35 is divided by o(l).
5
Suppose -4*i + 8*i + 5*h - 36 = 0, -2*i - 4*h + 12 = 0. Calculate the remainder when 64 is divided by i.
8
Let p = 16 + 114. What is the remainder when p is divided by 22?
20
What is the remainder when ((-9868)/(-8) + 2)*(-28)/(-98) is divided by 133?
87
Suppose -35*v + 285 = -16*v. Calculate the remainder when 69 is divided by v.
9
Let w(b) = -3*b + 1. What is the remainder when ((-48)/(-10))/((-12)/(-160)) is divided by w(-7)?
20
Let k = -309 - -197. What is the remainder when 7/k*-316 + (-6)/8 is divided by 6?
1
Let a(t) = t + 8. Let w be a(-12). Let v be (8/(-12))/(w/582). Let k = v + -21. What is the remainder when k is divided by 26?
24
Let a(k) be the third derivative of -k**4/6 + k**3 - 3*k**2. Let m be a(5). Let x = m - -25. Calculate the remainder when 20 is divided by x.
9
Let f(v) = -v**3 + 10*v**2 - 8*v - 1. Calculate the remainder when f(7) is divided by 31.
28
Suppose 3*o + 16*g = 18*g + 38, -2*o = -g - 25. Calculate the remainder when 970 is divided by o.
10
Let h(o) = 2*o**2 + 7*o. Suppose -4*v = -2*v + 86. Let p = v + 101. Calculate the remainder when p is divided by h(-5).
13
What is the remainder when 10/4*57378/655 is divided by 17?
15
Let k(n) = -n**3 - 5*n - 4. Suppose 2*c - 10*c = -208. Suppose -14 = -2*v + c. Calculate the remainder when k(-3) is divided by v.
18
What is the remainder when 4 - (7 + (-39 - -5)) is divided by 22?
9
Let o be (-1 - 0) + 1 + 348. What is the remainder when (4 + 0)*(o/(-8))/(-3) is divided by 21?
16
Suppose -35*i = -44*i + 2808. What is the remainder when i is divided by 21?
18
Suppose -2*o = -4*r - 154, 3*o = 4*r + 270 - 37. Let l = 9 - -7. What is the remainder when o is divided by l?
15
Suppose -616*d + 2373 = -609*d. What is the remainder when d is divided by 88?
75
Let a = -82 - -127. Suppose s - 146 = -2*n - 3*n, 5*s + 2*n - 661 = 0. What is the remainder when s is divided by a?
41
Let n(b) = -b**3 + 15*b**2 + 9*b - 67. Calculate the remainder when n(15) is divided by 14.
12
Suppose f - 40 = -5*a, 3*a + 7 - 38 = -2*f. Suppose g - 1 = 